{"id":110,"date":"2025-10-23T18:06:00","date_gmt":"2025-10-23T21:06:00","guid":{"rendered":"https:\/\/marlenesouza.com.br\/?page_id=110"},"modified":"2025-10-23T23:03:57","modified_gmt":"2025-10-24T02:03:57","slug":"quem-somos","status":"publish","type":"page","link":"https:\/\/marlenesouza.com.br\/?page_id=110","title":{"rendered":"Quem somos"},"content":{"rendered":"\t\t<div data-elementor-type=\"wp-page\" data-elementor-id=\"110\" class=\"elementor elementor-110\" data-elementor-post-type=\"page\">\n\t\t\t\t\t\t<section class=\"elementor-section elementor-top-section elementor-element elementor-element-222e7d3 elementor-section-stretched elementor-section-boxed elementor-section-height-default elementor-section-height-default\" data-id=\"222e7d3\" data-element_type=\"section\" data-e-type=\"section\" data-settings=\"{&quot;background_background&quot;:&quot;classic&quot;,&quot;stretch_section&quot;:&quot;section-stretched&quot;,&quot;jet_parallax_layout_list&quot;:[]}\">\n\t\t\t\t\t\t\t<div class=\"elementor-background-overlay\"><\/div>\n\t\t\t\t\t\t\t<div class=\"elementor-container elementor-column-gap-no\">\n\t\t\t\t\t<div class=\"elementor-column elementor-col-100 elementor-top-column elementor-element elementor-element-4731294f\" data-id=\"4731294f\" data-element_type=\"column\" data-e-type=\"column\">\n\t\t\t<div class=\"elementor-widget-wrap elementor-element-populated\">\n\t\t\t\t\t\t<div class=\"elementor-element elementor-element-108d331e elementor-widget elementor-widget-text-editor\" data-id=\"108d331e\" data-element_type=\"widget\" data-e-type=\"widget\" data-widget_type=\"text-editor.default\">\n\t\t\t\t\t\t\t\t\t<p>Saiba mais sobre n\u00f3s!<\/p>\t\t\t\t\t\t\t\t<\/div>\n\t\t\t\t\t<\/div>\n\t\t<\/div>\n\t\t\t\t\t<\/div>\n\t\t<\/section>\n\t\t\t\t<section class=\"elementor-section elementor-top-section elementor-element elementor-element-2a36fa78 elementor-section-stretched elementor-section-boxed elementor-section-height-default elementor-section-height-default\" data-id=\"2a36fa78\" data-element_type=\"section\" data-e-type=\"section\" data-settings=\"{&quot;stretch_section&quot;:&quot;section-stretched&quot;,&quot;jet_parallax_layout_list&quot;:[]}\">\n\t\t\t\t\t\t<div class=\"elementor-container elementor-column-gap-no\">\n\t\t\t\t\t<div class=\"elementor-column elementor-col-100 elementor-top-column elementor-element elementor-element-7b2c8e6a\" data-id=\"7b2c8e6a\" data-element_type=\"column\" data-e-type=\"column\">\n\t\t\t<div class=\"elementor-widget-wrap elementor-element-populated\">\n\t\t\t\t\t\t<section class=\"elementor-section elementor-inner-section elementor-element elementor-element-78028bdb elementor-section-boxed elementor-section-height-default elementor-section-height-default\" data-id=\"78028bdb\" data-element_type=\"section\" data-e-type=\"section\" data-settings=\"{&quot;jet_parallax_layout_list&quot;:[]}\">\n\t\t\t\t\t\t<div class=\"elementor-container elementor-column-gap-no\">\n\t\t\t\t\t<div class=\"elementor-column elementor-col-100 elementor-inner-column elementor-element elementor-element-51c25450\" data-id=\"51c25450\" data-element_type=\"column\" data-e-type=\"column\">\n\t\t\t<div class=\"elementor-widget-wrap elementor-element-populated\">\n\t\t\t\t\t\t<div class=\"elementor-element elementor-element-53698ba9 elementor-widget elementor-widget-image\" data-id=\"53698ba9\" data-element_type=\"widget\" data-e-type=\"widget\" data-widget_type=\"image.default\">\n\t\t\t\t\t\t\t\t\t\t\t\t\t\t\t<img fetchpriority=\"high\" decoding=\"async\" width=\"800\" height=\"800\" src=\"https:\/\/marlenesouza.com.br\/wp-content\/uploads\/2025\/10\/qwtt.png\" class=\"attachment-large size-large wp-image-116\" alt=\"\" srcset=\"https:\/\/marlenesouza.com.br\/wp-content\/uploads\/2025\/10\/qwtt.png 800w, https:\/\/marlenesouza.com.br\/wp-content\/uploads\/2025\/10\/qwtt-300x300.png 300w, https:\/\/marlenesouza.com.br\/wp-content\/uploads\/2025\/10\/qwtt-150x150.png 150w, https:\/\/marlenesouza.com.br\/wp-content\/uploads\/2025\/10\/qwtt-768x768.png 768w, https:\/\/marlenesouza.com.br\/wp-content\/uploads\/2025\/10\/qwtt-600x600.png 600w, https:\/\/marlenesouza.com.br\/wp-content\/uploads\/2025\/10\/qwtt-100x100.png 100w\" sizes=\"(max-width: 800px) 100vw, 800px\" \/>\t\t\t\t\t\t\t\t\t\t\t\t\t\t\t<\/div>\n\t\t\t\t<div class=\"elementor-element elementor-element-58af9dc1 elementor-widget elementor-widget-heading\" data-id=\"58af9dc1\" data-element_type=\"widget\" data-e-type=\"widget\" data-widget_type=\"heading.default\">\n\t\t\t\t\t<h2 class=\"elementor-heading-title elementor-size-default\">Marlene Souza<\/h2>\t\t\t\t<\/div>\n\t\t\t\t<div class=\"elementor-element elementor-element-360f6575 elementor-widget__width-initial elementor-widget elementor-widget-text-editor\" data-id=\"360f6575\" data-element_type=\"widget\" data-e-type=\"widget\" data-widget_type=\"text-editor.default\">\n\t\t\t\t\t\t\t\t\t<p>Marlene Souza, residente em Novo Hamburgo, Rio Grande do Sul, Brasil, \u00e9 advogada especializada em <br \/>m\u00e9todos alternativos de resolu\u00e7\u00e3o de conflitos, como media\u00e7\u00e3o e concilia\u00e7\u00e3o judicial. Microempreendedora <br \/>individual e artes\u00e3, aplicando t\u00e9cnicas inovadoras, unindo criatividade, qualidade e impacto social.\u00a0<\/p>\t\t\t\t\t\t\t\t<\/div>\n\t\t\t\t\t<\/div>\n\t\t<\/div>\n\t\t\t\t\t<\/div>\n\t\t<\/section>\n\t\t\t\t\t<\/div>\n\t\t<\/div>\n\t\t\t\t\t<\/div>\n\t\t<\/section>\n\t\t<div class=\"elementor-element elementor-element-706fac3 e-con-full e-flex e-con e-parent\" data-id=\"706fac3\" data-element_type=\"container\" data-e-type=\"container\" data-settings=\"{&quot;background_background&quot;:&quot;classic&quot;,&quot;jet_parallax_layout_list&quot;:[]}\">\n\t\t<div class=\"elementor-element elementor-element-1db0bfd e-con-full e-flex e-con e-child\" data-id=\"1db0bfd\" data-element_type=\"container\" data-e-type=\"container\" data-settings=\"{&quot;jet_parallax_layout_list&quot;:[]}\">\n\t\t\t\t<div class=\"elementor-element elementor-element-3f11431 elementor-widget elementor-widget-image\" data-id=\"3f11431\" data-element_type=\"widget\" data-e-type=\"widget\" data-widget_type=\"image.default\">\n\t\t\t\t\t\t\t\t\t\t\t\t\t\t\t<img decoding=\"async\" width=\"800\" height=\"800\" src=\"https:\/\/marlenesouza.com.br\/wp-content\/uploads\/2025\/10\/asdfh4.png\" class=\"attachment-large size-large wp-image-118\" alt=\"\" srcset=\"https:\/\/marlenesouza.com.br\/wp-content\/uploads\/2025\/10\/asdfh4.png 1000w, https:\/\/marlenesouza.com.br\/wp-content\/uploads\/2025\/10\/asdfh4-300x300.png 300w, https:\/\/marlenesouza.com.br\/wp-content\/uploads\/2025\/10\/asdfh4-150x150.png 150w, https:\/\/marlenesouza.com.br\/wp-content\/uploads\/2025\/10\/asdfh4-768x768.png 768w, https:\/\/marlenesouza.com.br\/wp-content\/uploads\/2025\/10\/asdfh4-600x600.png 600w, https:\/\/marlenesouza.com.br\/wp-content\/uploads\/2025\/10\/asdfh4-100x100.png 100w\" sizes=\"(max-width: 800px) 100vw, 800px\" \/>\t\t\t\t\t\t\t\t\t\t\t\t\t\t\t<\/div>\n\t\t\t\t<\/div>\n\t\t<div class=\"elementor-element elementor-element-a1a92dd e-con-full e-flex e-con e-child\" data-id=\"a1a92dd\" data-element_type=\"container\" data-e-type=\"container\" data-settings=\"{&quot;jet_parallax_layout_list&quot;:[]}\">\n\t\t\t\t<div class=\"elementor-element elementor-element-0b882e4 elementor-widget elementor-widget-heading\" data-id=\"0b882e4\" data-element_type=\"widget\" data-e-type=\"widget\" data-widget_type=\"heading.default\">\n\t\t\t\t\t<h2 class=\"elementor-heading-title elementor-size-default\">Miss\u00e3o e Valores \n<\/h2>\t\t\t\t<\/div>\n\t\t\t\t<div class=\"elementor-element elementor-element-f2641cc elementor-widget elementor-widget-text-editor\" data-id=\"f2641cc\" data-element_type=\"widget\" data-e-type=\"widget\" data-widget_type=\"text-editor.default\">\n\t\t\t\t\t\t\t\t\t<p>Marlene atua para transformar a dor e adversidade em oportunidades de aprendizado, empoderamento e <br \/>inclus\u00e3o social. Seu trabalho reflete a cren\u00e7a de que, com educa\u00e7\u00e3o, arte e apoio comunit\u00e1rio, \u00e9 poss\u00edvel <br \/>construir mem\u00f3rias produtivas nas crian\u00e7as e adolescentes e formar cidad\u00e3os de valor.<\/p>\t\t\t\t\t\t\t\t<\/div>\n\t\t\t\t<\/div>\n\t\t\t\t<\/div>\n\t\t\t\t<\/div>\n\t\t","protected":false},"excerpt":{"rendered":"<p>Saiba mais sobre n\u00f3s! Marlene Souza Marlene Souza, residente em Novo Hamburgo, Rio Grande do Sul, Brasil, \u00e9 advogada especializada em m\u00e9todos alternativos de resolu\u00e7\u00e3o de conflitos, como media\u00e7\u00e3o e concilia\u00e7\u00e3o judicial. Microempreendedora individual e artes\u00e3, aplicando t\u00e9cnicas inovadoras, unindo criatividade, qualidade e impacto social.\u00a0 Miss\u00e3o e Valores Marlene atua para transformar a dor e [&hellip;]<\/p>\n","protected":false},"author":1,"featured_media":0,"parent":0,"menu_order":0,"comment_status":"closed","ping_status":"closed","template":"elementor_header_footer","meta":{"_joinchat":[],"footnotes":""},"class_list":["post-110","page","type-page","status-publish","hentry"],"_links":{"self":[{"href":"https:\/\/marlenesouza.com.br\/index.php?rest_route=\/wp\/v2\/pages\/110","targetHints":{"allow":["GET"]}}],"collection":[{"href":"https:\/\/marlenesouza.com.br\/index.php?rest_route=\/wp\/v2\/pages"}],"about":[{"href":"https:\/\/marlenesouza.com.br\/index.php?rest_route=\/wp\/v2\/types\/page"}],"author":[{"embeddable":true,"href":"https:\/\/marlenesouza.com.br\/index.php?rest_route=\/wp\/v2\/users\/1"}],"replies":[{"embeddable":true,"href":"https:\/\/marlenesouza.com.br\/index.php?rest_route=%2Fwp%2Fv2%2Fcomments&post=110"}],"version-history":[{"count":13,"href":"https:\/\/marlenesouza.com.br\/index.php?rest_route=\/wp\/v2\/pages\/110\/revisions"}],"predecessor-version":[{"id":291,"href":"https:\/\/marlenesouza.com.br\/index.php?rest_route=\/wp\/v2\/pages\/110\/revisions\/291"}],"wp:attachment":[{"href":"https:\/\/marlenesouza.com.br\/index.php?rest_route=%2Fwp%2Fv2%2Fmedia&parent=110"}],"curies":[{"name":"wp","href":"https:\/\/api.w.org\/{rel}","templated":true}]}}